= 2*k - 39. Let p be u(19). Let m(c) = -5*c**2 - 1. Determine m(p).
-6
Let n(m) = 4*m**2 - 10*m - 1. Let j(h) = -9*h**2 + 21*h + 1. Let u(c) = -3*j(c) - 7*n(c). What is u(6)?
10
Let c(k) = -k + 2. Suppose 5*t - 8 = 17. What is c(t)?
-3
Let n(a) = -3*a + 3*a - a + 1 - 6. Let x(k) = -k + 2. Let u be x(2). Calculate n(u).
-5
Let a(r) = -r - 4. Let x = 2 + 3. Let i be (-1)/x + (-87)/15. Determine a(i).
2
Suppose 0*l - l - 5*o = -15, 4*o - 8 = 0. Let r(y) = -1 - 3*y**2 + l + 2*y + y**3 - 3*y - 3*y. Give r(4).
4
Let k(d) = d**2 + 5*d - 9. Let c be k(-7). Let m(j) be the second derivative of j**5/20 - j**4/2 + 7*j**3/6 - 7*j**2/2 + 3*j. What is m(c)?
3
Let c(o) = -3*o**2 - o**2 + 2 - 1. Let q be c(2). Let u be (-4)/(-10) + 21/q. Let n(f) = 6*f**3 - f**2 - f. Give n(u).
-6
Let p(n) = n - 1. Let c(m) = m**2 + 13*m + 12. Let r = -39 - -27. Let h be c(r). Give p(h).
-1
Suppose 0 = -5*q + 2*q - 18. Let o(l) = -l**3 - 5*l**2 + 6*l - 5. What is o(q)?
-5
Let i be (7/(-21))/((-1)/3). Suppose -i = -5*o - 6. Let u(a) = 7*a + 1. Give u(o).
-6
Let b = 32 + -26. Let f(p) be the third derivative of p**6/120 - 7*p**5/60 + 7*p**4/24 - p**3/3 + p**2. Give f(b).
4
Let a(m) = -m**2 - 2*m + 14. Let h be a(3). Let f(l) = -2*l + 1. Give f(h).
3
Let u(b) = b - 4. Suppose 0 = -d - 3*d + 12. What is u(d)?
-1
Let v be 6/(-3*1/2). Let b(l) = l**3 + l + 1. Let w(t) = -5*t**3 - 5*t**2 - 9*t - 5. Let s(p) = 4*b(p) + w(p). What is s(v)?
3
Let u(w) = -w**2 + 1. Let y(m) = 2*m**2 + 8*m - 4. Let i(t) = 3*u(t) + y(t). Let j be i(7). Let z(n) = n**3 - 5*n**2 - 7*n + 5. Calculate z(j).
-1
Suppose 2*a + 6 = 22. Suppose 2*o + a = 6*o. Let h(f) = 2*f + f**2 + 2 - 2*f**o - 5*f. What is h(-4)?
-2
Let f(j) = -2*j - 3. Let i be (-6)/(2 - (-21)/(-6)). What is f(i)?
-11
Let p be 2 - (0 + -2 + 0). Let j(i) = 0*i**2 + 2 + 2*i**2 - i**2 - 2*i**2 + p*i. Calculate j(4).
2
Let r(n) = n**3 + 4*n**2 - 4. Suppose -q = -4*q + 3. Let w(s) = 24*s. Let h be w(q). Suppose 2*a - 3*a = -3*x - 5, -4*x - 3*a - h = 0. Calculate r(x).
5
Let m = -1 + 2. Let k(g) = g**2 + 1 - 1 - m - 3*g. Let n = -4 - -2. Determine k(n).
9
Let m be (-1)/(-3) + (-28)/(-6). Let k(r) = -2*r - 2*r + r**2 - 23 + 7 + 11. Calculate k(m).
0
Let v(b) be the first derivative of -1 + 1/4*b**4 - 1/2*b**2 + 7*b - 5/3*b**3. Suppose -26 = -4*x - 3*o, -5*x + 41 = 3*o + 10. Calculate v(x).
2
Let n(h) = h**2 + 10*h + 17. Let v be n(-8). Let q(z) = 2*z - 3 + 2 - 2*z + 2*z - z**2. What is q(v)?
0
Let m(b) = b**2 - 5*b - 6. Suppose -2*s + 9 = 1. Suppose s*c = -2*c + 36. Determine m(c).
0
Let z(u) = -u - u**3 + 6*u**2 - 5 - 5*u + 4. Let h(w) = w - 5. Let c be h(10). Determine z(c).
-6
Let z(p) be the third derivative of -p**6/120 - p**5/60 - p**4/24 + p**3/2 - p**2. Let i be (-4)/10 + 2/5. Calculate z(i).
3
Suppose 12 = -i + 4*i. Suppose -i*p + 7 + 1 = 0. Let y(x) = 5 + 3*x + 3*x**2 - 5*x + 0 + 3*x**3 - p*x**3. What is y(-4)?
-3
Let s(m) be the first derivative of m**3/3 - 3*m**2/2 - 2*m - 28. Give s(4).
2
Let p(s) = s**2 + 5*s. Let f be p(-6). Let v(b) = -4 - b + f - 4. Let u(k) = k**2 - 3*k + 3. Let m be u(3). Determine v(m).
-5
Let z(y) = 6*y + 1. Let u be (-4 - -7) + 6/(-2). Suppose u*w = w + 1. Determine z(w).
-5
Let b be 2 + -1 - (1 - 1). Let w be 1/b + (3 - 1). Let l(q) = 2*q + 4. Give l(w).
10
Let a(r) = -5*r - 5. Let w(q) = 9*q + 9. Let l be -22*(2 - -2)/8. Let z(j) = l*a(j) - 6*w(j). Calculate z(5).
6
Let v(f) = f**2 + 4*f. Let h be -2*(-4 + -1 + 3). Let b(a) = a - 7. Let s be b(h). Calculate v(s).
-3
Let f = 4 + -1. Suppose -4*z + f*o = -20, -3*o + 6*o = z - 5. Suppose -2*s - s = z*v - 17, 0 = v + 4*s. Let g(w) = 2*w**2 - 6*w. Calculate g(v).
8
Suppose 9 + 7 = -8*c. Let n(d) = -4*d + 2. Give n(c).
10
Suppose -3 + 29 = 2*x. Let d = 19 - x. Let j(a) = a**2 - 6*a + 8. Determine j(d).
8
Suppose -2*f + 9 - 1 = 0. Suppose -f*y - v - 7 = 0, 0 = 2*y - 0*v + 5*v + 17. Let r(s) = -18*s**2 - s. What is r(y)?
-17
Let p be (-1)/4 + 13/4. Suppose 5*s + 26 = 2*t, s + 2 = -p*t + 7. Let w(x) be the second derivative of -x**4/12 - 2*x**3/3 - 3*x**2 + 48*x. What is w(s)?
-6
Let z be (-1)/2*(-8)/4. Let a(k) = 3 - 5 + k - z. Give a(5).
2
Suppose -4*a + 4 = -8*a. Let o(q) = 3*q**3 + q + 1. What is o(a)?
-3
Suppose x - 5*x = -4*b + 28, 0 = -4*b + 2*x + 18. Suppose -18 = -5*f - 2*z, -b*f + 6*f = -3*z + 20. Let h(m) = -2*m + 2*m - 2*m - m**2 - f. Determine h(-2).
-2
Let u(h) be the third derivative of -17*h**7/5040 + h**6/720 + h**5/15 + 9*h**2. Let o(v) be the third derivative of u(v). What is o(1)?
-16
Let r(l) be the first derivative of l**5/60 + l**4/6 + l**3 + 3. Let v(z) be the third derivative of r(z). What is v(-5)?
-6
Let p = 0 - -6. Let g(j) = -2 + 6 - 8*j + j**2 + 5. What is g(p)?
-3
Let j(b) be the third derivative of b**5/60 + 5*b**4/24 + b**3/6 - 9*b**2. Calculate j(-5).
1
Let c(s) = 3*s - 3. Suppose -5*d + 8 = -d. Let h be c(d). Let x(l) = -3*l**2 + 2*l**2 + l + 0*l**2 + l. What is x(h)?
-3
Let q(h) = 7*h - 21. Let u(x) = -4*x + 11. Let k(m) = 3*q(m) + 5*u(m). Let f(z) = -z**2 - 11*z - 18. Let r be f(-8). Determine k(r).
-2
Let u(x) = x**2 + 5*x - 2. Let l(d) = d**2 - 6*d + 3. Let r be l(4). Calculate u(r).
-2
Let d be (24/(-20))/((-1)/5). Let s be 10/d + 7/21. Let v(t) = s*t**2 + 3*t - 2*t + t**2. Determine v(-2).
10
Let b(g) be the second derivative of g**5/20 - g**4/3 + g**3/3 + g**2 + 4*g. What is b(3)?
-1
Let o(p) be the third derivative of p**5/12 + p**4/8 + p**3/2 - 22*p**2. Suppose 0 = 5*w + 3 + 7. Determine o(w).
17
Let t(x) be the first derivative of x**3/3 - x**2 - 3*x + 1. Let w(h) = h**3 - 6*h**2 - 8*h + 10. Let y be w(7). What is t(y)?
0
Let o = 48 - 43. Let q(y) = y**2 - 3*y - 5. Determine q(o).
5
Let n(i) = 7*i - 2*i**2 - 28 + 31 + 3*i**2. Determine n(-5).
-7
Suppose -5*g + 8 = 2*p, g = -3*p - 2*p - 26. Let a(s) = s**3 + 5*s**2 - 3*s - 5. Determine a(p).
-23
Let n(y) = -y**2 - 147*y - 1 + 137*y - 9. Determine n(-7).
11
Let t be (-7)/(-12 + 5)*(2 - -1). Let w(a) = -2*a**2 + 4*a - 4. Calculate w(t).
-10
Let c(l) = -l**3 - 4*l**2 - l + 1. Suppose 0 = 4*r + 2*z - 5*z + 17, 3*r + 21 = 5*z. What is c(r)?
-5
Let c(z) be the third derivative of z**5/60 + z**4/12 + 2*z**3/3 - 36*z**2. Give c(-3).
7
Let w(y) = y**2 - 5*y + 2. Let s be w(4). Let g(r) = 2*r**3 - 4*r - 3. What is g(s)?
-11
Let y be 2 + -1*(-6 + 2). Let z(i) = i - 8. Determine z(y).
-2
Let i(d) = 3*d**2 - d + 2. Let t be 4/14 - 7/49*-12. Calculate i(t).
12
Let o(a) = 8*a**3 + 2*a**2 + 2*a + 1. Let m(z) = 3*z**2 - 2*z - 2. Let f be m(2). Suppose -f = 4*v - 2. What is o(v)?
-7
Let n = -10 + 7. Let y(q) = -1 - q + 2 + 3 - q**2 + 0. Calculate y(n).
-2
Let q(d) be the third derivative of 0 + 5*d**2 + 0*d - 1/24*d**4 - 4/3*d**3. What is q(-6)?
-2
Suppose -d = 2*d - 3. Let i(w) be the first derivative of -1/2*w**2 - d + w. Give i(0).
1
Suppose -3*f + 25 = -5*m - 8*f, -2*m - f = 8. Let h(a) be the third derivative of -2*a**2 + 0 - 1/12*a**4 + 0*a + 1/6*a**3. Give h(m).
7
Let j(g) = -5. Let o(m) = m - 1. Let u(s) = j(s) - 5*o(s). Let p be (8/20)/((-2)/(-20)). Suppose 4*r + 2*d = p, -2*r + 2*d + d + 2 = 0. Determine u(r).
-5
Let j(t) = -t**3 - 8*t**2 - 6*t + 1. Let r be 21/12*12/(-3). Determine j(r).
-6
Suppose 0 = -g - 2, -4*y + 5*g - g + 4 = 0. Let k(f) = -5*f - 3. Let w(q) = q - 1. Let v(m) = k(m) - 2*w(m). Give v(y).
6
Let a(f) be the second derivative of -f**4/12 + f**3 + 5*f**2/2 + 2*f. Determine a(7).
-2
Let r(f) be the second derivative of f**3/6 + 3*f**2/2 + 2*f. Suppose -5*y - 3*d - 37 = 0, -2*d - 40 = 4*y + 3*d. Determine r(y).
-2
Let i(x) = 4*x**2 + 1. Suppose -4*p = -6*p - 2. Give i(p).
5
Let g = -16 - -12. Let n(o) = 3*o**2 + 8*o - 10. Let q(x) = -2*x**2 - 5*x + 7. Let m(v) = 5*n(v) + 7*q(v). What is m(g)?
-5
Let n(x) be the second derivative of -x**3/6 + 9*x**2/2 - 6*x. Calculate n(4).
5
Let j(i) = -i**3 - i**2 + i - 10. Suppose 0 = -5*b - 0*b. Suppose -5*v - 3 = z, 2*v - z - 3 = -b*z. Give j(v).
-10
Let b(q) be the first derivative of 3*q**2/2 - 4. Determine b(5).
15
Let a(f) be the third derivative of -f**5/60 - f**4/4 - f**3/2 - 2*f**2. Let v(d) = -84*d**3. Let r be v(1). Let z be (-1)/3 - r/(-18). Give a(z).
2
Let l(v) = -v + 1. Let b(u) = -2*u + 6. Let c be -2 + ((-9)/(-3))/3. Let a(y) = c*b(y) + 5*l(y). What is a(-4)?
11
Suppose 3*p + 2*p - 30 = 0. Suppose j - 3*r = 0, 5